 5*z. What are the prime factors of (6/(-4))/(f/42)?
3, 7
Suppose 0 = -d - 0*t - t - 1, -5*d + t + 7 = 0. Let m be 6/4*(11 - d). Suppose 11*i - 16*i + m = 0. List the prime factors of i.
3
What are the prime factors of (-2)/33 + 30381372/891?
2, 3, 5683
Suppose -2*b - 2 = -g, -b = -2*g - 3*b - 8. Let z = g - 8. Let d(w) = -4*w - 15. What are the prime factors of d(z)?
5
Let z(r) = -12236*r**3 + r**2 - 8*r - 8. What are the prime factors of z(-1)?
3, 4079
What are the prime factors of (176225/57)/(3/9)?
5, 7, 53
Suppose 2*c = -2, -c = 3*g + 6 - 20. Suppose -g*m + 5*v + 3934 = 7*v, -m + 788 = v. List the prime factors of m.
2, 3, 131
Let f be -1*(1 + 2) + 19 + -13. Suppose -2*q + 19 = 3*r, -3*r - f*q - 4 = -19. Let p(d) = d**2 + 2*d + 24. List the prime factors of p(r).
3, 41
Let n be (14/21)/((-3)/9). List the prime factors of n/4 - 301/(-14).
3, 7
Suppose -13*g + 15*g = -4. List the prime factors of 6/(-8)*-601 - g/8.
11, 41
Suppose 362*s = -122*s + 22492932. What are the prime factors of s?
3, 7, 2213
Let p(f) = 1265*f**2 + 1. Let l be p(-1). Suppose -3*w + 5*z + 13 = 0, 0 = -w + 4*z - 1 + 3. List the prime factors of l/18 + 4/w.
71
Let d be 3 + (1 + 0 - -18). Suppose y - d = -7. Suppose 2*k - 37 = -y. List the prime factors of k.
11
Let a be (-4)/(-34) + (-5 - 2114/(-238)). Suppose 4*s - 3*f = 3656 + 294, a*s - 3936 = -4*f. What are the prime factors of s?
2, 17, 29
Suppose -5*g = -5*l - 480, -l + 4*l + 5*g + 320 = 0. Let z = -60 - l. Suppose 0 = z*f - 42*f + 192. List the prime factors of f.
2, 3
Suppose 3*o = 12, 2*o - 104 = r - 5*r. Let w(m) = 28*m - 129. What are the prime factors of w(r)?
3, 181
Let g(h) = -269*h + 60. Let n be (2/6)/(((-75)/36)/25). What are the prime factors of g(n)?
2, 71
Let s be 4/6 + 5/((-30)/(-8)). Suppose -b = s*y - 2207, 16*y - 11*y - 2*b = 5513. What are the prime factors of y?
1103
Suppose 5*y + 2*j = 4742, -5*y - 2*j + 3792 = -y. List the prime factors of y.
2, 5, 19
Suppose -o + 0 + 2 = 0, 4*h - 186 = 5*o. Let v = -42 + h. Suppose -387 = -v*b + 3*b - d, 2*b = -4*d + 176. What are the prime factors of b?
2, 7
Let z = -10886 - -15553. Let a = z + -3100. List the prime factors of a.
1567
Suppose 20 = 33*p - 28*p. Suppose -1827 = -p*x - 5*x. What are the prime factors of x?
7, 29
Suppose -3532 = -14*o + 15242. Suppose -10*d = -d - o. List the prime factors of d.
149
Let h = 5 - -8. Suppose 40 = -18*z + h*z. What are the prime factors of 64 - (-3)/((-36)/z)*3?
2, 3, 11
Suppose -2*p + 902 = -1714. Let v = p + -573. List the prime factors of v.
3, 5, 7
Suppose -40*l - 13*l + 1690647 = 0. What are the prime factors of l?
3, 7, 31
Let g(q) = 4*q - 12. Let i be g(3). Suppose 0 = 4*d - s - 1231, i*d + 628 = 2*d + 2*s. List the prime factors of d.
3, 103
Let q(j) = 124*j + 30 - 7*j + 141*j. What are the prime factors of q(3)?
2, 3, 67
Suppose z + 419*i = 417*i + 34180, -4*i = 5*z - 170864. List the prime factors of z.
2, 4271
Let p(t) = -76*t**3 - 4*t**2 + 18*t + 67. What are the prime factors of p(-6)?
16231
Let r(c) = 57*c - 94. Let g be r(19). Suppose 0 = -5*b + 3051 + g. What are the prime factors of b?
2, 101
Let a(z) = -z**2 + 209*z - 397. List the prime factors of a(75).
7, 197
Let w = -9882 - -19811. What are the prime factors of w?
9929
Suppose -1735499 = -247*n - 1783973 + 3986642. What are the prime factors of n?
2, 1993
What are the prime factors of (1 - (9 - -1))*(-97)/(-291)*-14082?
2, 3, 2347
Let d = -8386 - -28517. Suppose -44*h + 36673 + d = 0. List the prime factors of h.
1291
Let s = -1311 - -2911. Suppose -5*m - 1640 = -11*o + 10*o, -o - 5*m = -s. List the prime factors of o.
2, 3, 5
Let u(f) = 27*f + 31. Let i be u(4). Let w(m) = 350*m**2 - 2*m + 3. Let s be w(1). Suppose 5*p - s = i. What are the prime factors of p?
2, 7
Let p be -1 + 874/14 - (-72)/(-168). List the prime factors of -4*2/(-8)*p.
61
Let g = 270 + -178. Suppose -3*s + 13 = -3*n + 2*n, 5*n = 5*s - 15. Suppose -432 + g = -s*o. List the prime factors of o.
2, 17
Suppose -8*i + 197460 - 118455 = -171219. What are the prime factors of i?
2, 3, 13, 401
Let p = 5331 + -4999. Let r = 130 + -367. Let y = r + p. List the prime factors of y.
5, 19
Suppose -2*p = -4*u - 16140, -2*u + 24234 = -8*p + 11*p. List the prime factors of p.
2, 3, 673
Let g(a) = 5*a - 80. Let j be g(17). Suppose -2 = -j*s + 233. What are the prime factors of s?
47
Let l = 152 + -138. List the prime factors of (l/4)/(1/136).
2, 7, 17
Suppose n + k = 19369, 3*n - 11*k + 10*k = 58103. List the prime factors of n.
2, 3, 269
Let n = 28358 + -16984. List the prime factors of n.
2, 11, 47
Let b = -302 - -309. Suppose 0 = b*j - 1991 - 1131. What are the prime factors of j?
2, 223
Let r(q) = -q - 11. Suppose 110 = -13*y - 33. Let h be r(y). Suppose -5*v + 2*g + 677 = h, -v - g - 38 + 179 = 0. List the prime factors of v.
137
Let m(w) = 105*w**3 - 19*w**2 - 25*w + 75. What are the prime factors of m(5)?
2, 3, 5, 7
Let p(w) = 4*w**3 - 9*w**2 + 120*w + 119. What are the prime factors of p(20)?
7, 631
Suppose -2*m + 4*p + 48276 = 0, 25*m - 48204 = 23*m - 5*p. List the prime factors of m.
2, 7, 1723
Suppose 5*o = -c + 39093, o - 39097 = -4*o + c. List the prime factors of o.
7, 1117
Suppose 5*t + 28 = 2*n, n - 4*t - 24 = t. Let v(c) = 4*c**3 + 6*c**2 - 2*c + 3. List the prime factors of v(n).
347
Let s(j) = j**3 + 9*j**2 + 6. Suppose 0 = -3*m - 0*m + b + 48, -4*m = -4*b - 64. Let n be -3*2/12*m. What are the prime factors of s(n)?
2, 5, 7
Let k(u) = 2041*u**2 - 38*u - 8. What are the prime factors of k(3)?
71, 257
Let h = 346 + -344. Let d(i) = 13*i**2 + i. List the prime factors of d(h).
2, 3
Suppose 84*x - 235766 = 63*x + 314140. What are the prime factors of x?
2, 13093
Let x(p) = 4*p + 11. Let l be x(7). Suppose 0 = 5*v - l + 19. List the prime factors of (8/20 - v)*-5.
2, 3
Let p = 58 + -54. Suppose 24 = 12*u - p*u. Suppose -u = -l + 14. List the prime factors of l.
17
Let d = 14528 - 3996. What are the prime factors of d?
2, 2633
What are the prime factors of 105/(-42)*133880/(-25)?
2, 3347
Let u = 124841 - 44325. List the prime factors of u.
2, 20129
List the prime factors of (7 - (4 - -6))*-6953.
3, 17, 409
Let c = -4350 + 7524. List the prime factors of c.
2, 3, 23
Suppose 0 = 5*l + 5*s + 100, -5*l = -2*l - s + 44. Let y = 18 + l. Suppose 2*v + 3*v - 4*h - 1160 = 0, 0 = y*v - 3*h - 471. What are the prime factors of v?
2, 3, 19
Let c be (-1 + -1 + 3)*3. Suppose 5*z - 3*p = c*z + 181, -177 = -2*z - p. Let w = z + -18. List the prime factors of w.
71
Let k = -11957 - -23796. What are the prime factors of k?
11839
Let o(x) = x**3 - 34*x**2 + 63*x + 37. Let b be o(32). Suppose -3*y - 3*d = -120, 4*y + 59 = -b*d + 216. List the prime factors of y.
43
What are the prime factors of -7*((-1489416)/168 - 7)?
2, 15527
Suppose 4*c - 2*w + 120 = -0*c, c + 2*w = -40. Let m be ((-1)/(-2))/((-8)/c). Suppose -1 = 4*g + d - 10, m*g = -4*d + 8. What are the prime factors of g?
2
Let v = 67 + -59. What are the prime factors of ((-2)/v + (-725)/(-100))*67?
7, 67
Let p(u) = -787*u + 75. List the prime factors of p(-12).
3, 19, 167
Let d(y) = 4*y - 12. Let w be d(3). Suppose 4*n + 2*b - 30 = -w*n, n + 20 = 5*b. Suppose 5*i - l = 229, -n*i + 4*i + 49 = -l. What are the prime factors of i?
3, 5
Let r = 21063 + -10502. What are the prime factors of r?
59, 179
Let i be 108/9*(-1 - 23/3). Let b = i + 106. What are the prime factors of 45*b*(-2)/(-12)*9?
3, 5
Let v(w) = -w**3 + 16*w**2 - 15*w - 7. Let q be v(15). Let x = 9 + q. Suppose -x*m + 145 = 3*m. List the prime factors of m.
29
Let r(j) be the second derivative of -26*j + 0 + 1/2*j**2 + 251/6*j**3. What are the prime factors of r(1)?
2, 3, 7
Suppose 2*a - 20 = -4*i, -i - 2*i = a - 14. Let c be 2/(52/144 - a/8). Suppose -2*w = c - 32. What are the prime factors of w?
7
Let d = 55 + -49. Suppose d*o - 702 = 726. Suppose -o - 90 = -2*h. List the prime factors of h.
2, 41
Suppose 0 = -4*a - 20, -4*m + 93 = -0*a - 5*a. Let r be 227214/221 + (-2)/m. Suppose -f - 3*f + r = 0. What are the prime factors of f?
257
List the prime factors of (-1672596)/(-119) - (-68)/119.
2, 7, 251
Let v(i) be the first derivative of i**2 + 9*i + 11. Let z be v(-5). Let k(q) = 93*q**2 - 2*q - 3. List the prime factors of k(z).
2, 23
Suppose 115 = a + 2*i, 0*a + 3*i = 